{"id":2743,"date":"2023-09-18T16:24:54","date_gmt":"2023-09-18T09:24:54","guid":{"rendered":"https:\/\/galileotn.vn\/?post_type=product&#038;p=2743"},"modified":"2023-09-19T07:34:33","modified_gmt":"2023-09-19T00:34:33","slug":"cua-so-thep-van-go-4-canh-cs4h3-hok-2tk","status":"publish","type":"product","link":"https:\/\/galileotn.vn\/?product=cua-so-thep-van-go-4-canh-cs4h3-hok-2tk","title":{"rendered":"C\u1eecA S\u1ed4 TH\u00c9P V\u00c2N G\u1ed6 4 C\u00c1NH &#8211; CS4H3-HOK-2TK"},"content":{"rendered":"<section id=\"section_1364755854\" class=\"section\">\n<div class=\"section-content relative\">\n<div id=\"row-1995021973\" class=\"row row-full-width\">\n<div id=\"col-1135220804\" class=\"col small-12 large-12\">\n<div class=\"col-inner\">\n<table class=\"c20\">\n<tbody>\n<tr class=\"c7\">\n<td class=\"c8\" colspan=\"1\" rowspan=\"1\">\n<p class=\"c4\"><strong><span class=\"c2\">V\u1eacT LI\u1ec6U C\u1ea8U T\u1ea0O<\/span><\/strong><\/p>\n<\/td>\n<td class=\"c5\" colspan=\"1\" rowspan=\"1\">\n<ul class=\"c3 lst-kix_list_1-0 start\">\n<li class=\"c9 li-bullet-0\"><span class=\"c0\">Th\u00e9p m\u1ea1 \u0111i\u1ec7n ch\u1ed1ng han g\u1ec9, th\u00e9p l\u00e0m khung d\u00e0y 1.2mm, th\u00e9p l\u00e0m c\u00e1nh d\u00e0y 0.8mm<\/span><\/li>\n<\/ul>\n<\/td>\n<\/tr>\n<tr class=\"c7\">\n<td class=\"c8\" colspan=\"1\" rowspan=\"1\">\n<p class=\"c4\"><strong><span class=\"c2\">B\u1ec0 M\u1eb6T<\/span><\/strong><\/p>\n<\/td>\n<td class=\"c5\" colspan=\"1\" rowspan=\"1\">\n<ul class=\"c3 lst-kix_list_2-0 start\">\n<li class=\"c9 li-bullet-0\"><span class=\"c0\">S\u01a1n t\u0129nh \u0111i\u1ec7n, ph\u1ee7 phim v\u00e2n g\u1ed7<\/span><\/li>\n<li class=\"c9 li-bullet-0\"><span class=\"c0\">Chi\u1ec1u d\u00e0y c\u00e1nh c\u1eeda: 60mm<\/span><\/li>\n<li class=\"c9 li-bullet-0\"><span class=\"c0\">K\u00edch th\u01b0\u1edbc khu\u00f4n c\u1eeda: theo y\u00eau c\u1ea7u<\/span><\/li>\n<li class=\"c9 li-bullet-0\"><span class=\"c0\">K\u00edch th\u01b0\u1edbc th\u00f4ng th\u1ee7y: theo y\u00eau c\u1ea7u<\/span><\/li>\n<li id=\"h.gjdgxs\" class=\"c9 li-bullet-0\"><span class=\"c0\">K\u00edch th\u01b0\u1edbc \u00f4 ch\u1edd: theo y\u00eau c\u1ea7u<\/span><\/li>\n<\/ul>\n<\/td>\n<\/tr>\n<tr class=\"c7\">\n<td class=\"c8\" colspan=\"1\" rowspan=\"1\">\n<p class=\"c4\"><strong><span class=\"c2 c10\">PH\u1ee4 KI\u1ec6N\u00a0<\/span><span class=\"c2\">\u0110I K\u00c8M<\/span><\/strong><\/p>\n<\/td>\n<td class=\"c5\" colspan=\"1\" rowspan=\"1\">\n<ul class=\"c3 lst-kix_list_3-0 start\">\n<li class=\"c9 li-bullet-0\"><span class=\"c0\">Gi\u0103ng cao su<\/span><\/li>\n<li class=\"c9 li-bullet-0\"><span class=\"c0\">B\u1ea3n l\u1ec1\u00a0<\/span><\/li>\n<\/ul>\n<\/td>\n<\/tr>\n<tr class=\"c7\">\n<td class=\"c8\" colspan=\"1\" rowspan=\"1\">\n<p class=\"c6\"><strong><span class=\"c2 c10\">PH\u1ee4 KI\u1ec6N\u00a0<\/span><span class=\"c2\">MUA R\u1edcI<\/span><\/strong><\/p>\n<\/td>\n<td class=\"c5\" colspan=\"1\" rowspan=\"1\">\n<ul class=\"c3 lst-kix_list_4-0 start\">\n<li class=\"c16 li-bullet-0\"><span class=\"c14 c10\">Kh\u00f3a<\/span><\/li>\n<li class=\"c12 li-bullet-0\"><span class=\"c10 c14\">M\u1eaft th\u1ea7n<\/span><\/li>\n<\/ul>\n<\/td>\n<\/tr>\n<\/tbody>\n<\/table>\n<\/div>\n<\/div>\n<\/div>\n<\/div>\n<\/section>\n<div class=\"woocommerce-tabs wc-tabs-wrapper container tabbed-content\">\n<ul class=\"tabs wc-tabs product-tabs small-nav-collapse nav nav-uppercase nav-line nav-left\" role=\"tablist\">\n<li id=\"tab-title-description\" class=\"description_tab active\" role=\"presentation\"><a role=\"tab\" href=\"https:\/\/greendoor.vn\/san-pham\/cua-so-cs2h5-2tk\/#tab-description\" aria-selected=\"true\" aria-controls=\"tab-description\" target=\"_blank\" rel=\"noopener\">M\u00d4 T\u1ea2<\/a><\/li>\n<\/ul>\n<div class=\"tab-panels\">\n<div id=\"tab-description\" class=\"woocommerce-Tabs-panel woocommerce-Tabs-panel--description panel entry-content active\" role=\"tabpanel\" aria-labelledby=\"tab-title-description\">\n<h1><em><strong>C\u1eeda s\u1ed5 th\u00e9p v\u00e2n g\u1ed7 4 c\u00e1nh CS4H3-HOK-2TK<\/strong><\/em><\/h1>\n<p>C\u1eeda s\u1ed5 th\u00e9p v\u00e2n g\u1ed7 4 c\u00e1nh GALILEO mang \u0111\u1ebfn cho b\u1ea1n m\u1ed9t th\u1ebf gi\u1edbi C\u1eeda s\u1ed5 th\u00e9p v\u00e2n g\u1ed7 4 c\u00e1nh \u0111a d\u1ea1ng ki\u1ec3u d\u00e1ng, m\u1eabu m\u00e3 \u0111\u00e1p \u1ee9ng m\u1ecdi nhu c\u1ea7u v\u1ec1 c\u1eeda b\u00ean trong cho m\u1ed7i <em>c\u00f4<\/em>ng tr\u00ecnh. B\u1ea1n s\u1ebd ho\u00e0n to\u00e0n th\u1ecfa m\u00e3n v\u1edbi v\u1ebb th\u1ea9m m\u1ef9 t\u1ef1 nhi\u00ean c\u1ee7a v\u00e2n g\u1ed7 v\u00e0 \u0111\u1ed9 b\u1ec1n v\u01b0\u1ee3t th\u1eddi gian m\u00e0 c\u1eeda th\u00e9p cao c\u1ea5p GALILEO mang l\u1ea1i.<br \/>\nKi\u1ec3u d\u00e1ng sang tr\u1ecdng, phong c\u00e1ch hi\u1ec7n \u0111\u1ea1i, th\u00edch h\u1ee3p v\u1edbi nhi\u1ec1u lo\u1ea1i\u00a0<em>c\u00f4<\/em>ng tr\u00ecnh nh\u01b0 bi\u1ec7t th\u1ef1, chung c\u01b0, t\u00f2a nh\u00e0. C\u00f3 nhi\u1ec1u m\u00e0u s\u1eafc, m\u1eabu m\u00e3 thi\u1ebft k\u1ebf\u00a0ph\u00f9 h\u1ee3p v\u1edbi nhi\u1ec1u ki\u1ec3u ki\u1ebfn tr\u00fac<br \/>\nNgo\u00e0i ra, C\u1eeda s\u1ed5 th\u00e9p v\u00e2n g\u1ed7 3 c\u00e1nh GALILEO \u0111\u01b0\u1ee3c \u01b0a chu\u1ed9ng tr\u00ean th\u1ecb tr\u01b0\u1eddng b\u1edfi ki\u1ec3u d\u00e1ng v\u00e0 m\u1eabu m\u00e3 \u0111a d\u1ea1ng. \u0110\u01b0\u1ee3c ch\u1ebf t\u1ea1o theo ki\u1ec3u v\u00e2n g\u1ed7 sang tr\u1ecdng v\u00e0 th\u00e2n thi\u1ec7n v\u1edbi m\u00f4i tr\u01b0\u1eddng, s\u1ea3n ph\u1ea9m cho ph\u00e9p ng\u01b0\u1eddi s\u1eed d\u1ee5ng c\u00f3 th\u1ec3 ch\u1ecdn l\u1ef1a r\u1ea5t nhi\u1ec1u m\u00e0u s\u1eafc kh\u00e1c nhau \u0111\u1eadm nh\u1ea1t theo s\u1edf th\u00edch.<\/p>\n<\/div>\n<\/div>\n<\/div>\n","protected":false},"excerpt":{"rendered":"<p>V\u1eacT LI\u1ec6U C\u1ea8U T\u1ea0O Th\u00e9p m\u1ea1 \u0111i\u1ec7n ch\u1ed1ng han g\u1ec9, th\u00e9p l\u00e0m khung d\u00e0y 1.2mm, th\u00e9p l\u00e0m c\u00e1nh d\u00e0y 0.8mm B\u1ec0 M\u1eb6T S\u01a1n t\u0129nh \u0111i\u1ec7n, ph\u1ee7 phim v\u00e2n g\u1ed7 Chi\u1ec1u d\u00e0y c\u00e1nh c\u1eeda: 60mm K\u00edch th\u01b0\u1edbc khu\u00f4n c\u1eeda: theo y\u00eau c\u1ea7u K\u00edch th\u01b0\u1edbc th\u00f4ng th\u1ee7y: theo y\u00eau c\u1ea7u K\u00edch th\u01b0\u1edbc \u00f4 ch\u1edd: theo y\u00eau c\u1ea7u &#8230; <a title=\"C\u1eecA S\u1ed4 TH\u00c9P V\u00c2N G\u1ed6 4 C\u00c1NH &#8211; CS4H3-HOK-2TK\" class=\"read-more\" href=\"https:\/\/galileotn.vn\/?product=cua-so-thep-van-go-4-canh-cs4h3-hok-2tk\" aria-label=\"More on C\u1eecA S\u1ed4 TH\u00c9P V\u00c2N G\u1ed6 4 C\u00c1NH &#8211; CS4H3-HOK-2TK\">\u0110\u1ecdc ti\u1ebfp<\/a><\/p>\n","protected":false},"featured_media":2521,"comment_status":"closed","ping_status":"closed","template":"","meta":[],"product_brand":[],"product_cat":[56],"product_tag":[],"class_list":{"0":"post-2743","1":"product","2":"type-product","3":"status-publish","4":"has-post-thumbnail","6":"product_cat-cua-so","7":"sales-flash-overlay","8":"woocommerce-text-align-center","9":"woocommerce-image-align-center","10":"do-quantity-buttons","12":"first","13":"instock","14":"shipping-taxable","15":"product-type-simple"},"_links":{"self":[{"href":"https:\/\/galileotn.vn\/index.php?rest_route=\/wp\/v2\/product\/2743","targetHints":{"allow":["GET"]}}],"collection":[{"href":"https:\/\/galileotn.vn\/index.php?rest_route=\/wp\/v2\/product"}],"about":[{"href":"https:\/\/galileotn.vn\/index.php?rest_route=\/wp\/v2\/types\/product"}],"replies":[{"embeddable":true,"href":"https:\/\/galileotn.vn\/index.php?rest_route=%2Fwp%2Fv2%2Fcomments&post=2743"}],"wp:featuredmedia":[{"embeddable":true,"href":"https:\/\/galileotn.vn\/index.php?rest_route=\/wp\/v2\/media\/2521"}],"wp:attachment":[{"href":"https:\/\/galileotn.vn\/index.php?rest_route=%2Fwp%2Fv2%2Fmedia&parent=2743"}],"wp:term":[{"taxonomy":"product_brand","embeddable":true,"href":"https:\/\/galileotn.vn\/index.php?rest_route=%2Fwp%2Fv2%2Fproduct_brand&post=2743"},{"taxonomy":"product_cat","embeddable":true,"href":"https:\/\/galileotn.vn\/index.php?rest_route=%2Fwp%2Fv2%2Fproduct_cat&post=2743"},{"taxonomy":"product_tag","embeddable":true,"href":"https:\/\/galileotn.vn\/index.php?rest_route=%2Fwp%2Fv2%2Fproduct_tag&post=2743"}],"curies":[{"name":"wp","href":"https:\/\/api.w.org\/{rel}","templated":true}]}}