{"id":2690,"date":"2023-09-18T14:32:53","date_gmt":"2023-09-18T07:32:53","guid":{"rendered":"https:\/\/galileotn.vn\/?post_type=product&#038;p=2690"},"modified":"2023-09-18T14:32:54","modified_gmt":"2023-09-18T07:32:54","slug":"cua-thep-van-go-1-canh-g1h4k-1tk-2","status":"publish","type":"product","link":"https:\/\/galileotn.vn\/?product=cua-thep-van-go-1-canh-g1h4k-1tk-2","title":{"rendered":"C\u1eecA TH\u00c9P V\u00c2N G\u1ed6 1 C\u00c1NH G1H4K-1TK"},"content":{"rendered":"<div class=\"elementor-element elementor-element-f2137d4 elementor-widget elementor-widget-heading\" data-id=\"f2137d4\" data-element_type=\"widget\" data-widget_type=\"heading.default\">\n<div class=\"elementor-widget-container\">\n<h2 class=\"elementor-heading-title elementor-size-default\">M\u00d4 T\u1ea2<\/h2>\n<\/div>\n<\/div>\n<div class=\"elementor-element elementor-element-d696652 elementor-widget elementor-widget-woocommerce-product-content\" data-id=\"d696652\" data-element_type=\"widget\" data-widget_type=\"woocommerce-product-content.default\">\n<div class=\"elementor-widget-container\">\n<table class=\"c20\">\n<tbody>\n<tr class=\"c7\">\n<td class=\"c8\" colspan=\"1\" rowspan=\"1\">\n<p class=\"c4\"><strong><span class=\"c2\">V\u1eacT LI\u1ec6U C\u1ea8U T\u1ea0O<\/span><\/strong><\/p>\n<\/td>\n<td class=\"c5\" colspan=\"1\" rowspan=\"1\">\n<ul class=\"c3 lst-kix_list_1-0 start\">\n<li class=\"c9 li-bullet-0\"><span class=\"c0\">Th\u00e9p m\u1ea1 \u0111i\u1ec7n ch\u1ed1ng han g\u1ec9, th\u00e9p l\u00e0m khung d\u00e0y 1.2mm, th\u00e9p l\u00e0m c\u00e1nh d\u00e0y 0.8mm<\/span><\/li>\n<\/ul>\n<\/td>\n<\/tr>\n<tr class=\"c7\">\n<td class=\"c8\" colspan=\"1\" rowspan=\"1\">\n<p class=\"c4\"><strong><span class=\"c2\">B\u1ec0 M\u1eb6T<\/span><\/strong><\/p>\n<\/td>\n<td class=\"c5\" colspan=\"1\" rowspan=\"1\">\n<ul class=\"c3 lst-kix_list_2-0 start\">\n<li class=\"c9 li-bullet-0\"><span class=\"c0\">S\u01a1n t\u0129nh \u0111i\u1ec7n, ph\u1ee7 phim v\u00e2n g\u1ed7<\/span><\/li>\n<li class=\"c9 li-bullet-0\"><span class=\"c0\">Chi\u1ec1u d\u00e0y c\u00e1nh c\u1eeda: 60mm<\/span><\/li>\n<li class=\"c9 li-bullet-0\"><span class=\"c0\">K\u00edch th\u01b0\u1edbc khu\u00f4n c\u1eeda: theo y\u00eau c\u1ea7u<\/span><\/li>\n<li class=\"c9 li-bullet-0\"><span class=\"c0\">K\u00edch th\u01b0\u1edbc th\u00f4ng th\u1ee7y: theo y\u00eau c\u1ea7u<\/span><\/li>\n<li id=\"h.gjdgxs\" class=\"c9 li-bullet-0\"><span class=\"c0\">K\u00edch th\u01b0\u1edbc \u00f4 ch\u1edd: theo y\u00eau c\u1ea7u<\/span><\/li>\n<\/ul>\n<\/td>\n<\/tr>\n<tr class=\"c7\">\n<td class=\"c8\" colspan=\"1\" rowspan=\"1\">\n<p class=\"c4\"><strong><span class=\"c2 c10\">PH\u1ee4 KI\u1ec6N\u00a0<\/span><span class=\"c2\">\u0110I K\u00c8M<\/span><\/strong><\/p>\n<\/td>\n<td class=\"c5\" colspan=\"1\" rowspan=\"1\">\n<ul class=\"c3 lst-kix_list_3-0 start\">\n<li class=\"c9 li-bullet-0\"><span class=\"c0\">Gi\u0103ng cao su<\/span><\/li>\n<li class=\"c9 li-bullet-0\"><span class=\"c0\">B\u1ea3n l\u1ec1\u00a0<\/span><\/li>\n<\/ul>\n<\/td>\n<\/tr>\n<tr class=\"c7\">\n<td class=\"c8\" colspan=\"1\" rowspan=\"1\">\n<p class=\"c6\"><strong><span class=\"c2 c10\">PH\u1ee4 KI\u1ec6N\u00a0<\/span><span class=\"c2\">MUA R\u1edcI<\/span><\/strong><\/p>\n<\/td>\n<td class=\"c5\" colspan=\"1\" rowspan=\"1\">\n<ul class=\"c3 lst-kix_list_4-0 start\">\n<li class=\"c16 li-bullet-0\"><span class=\"c14 c10\">Kh\u00f3a<\/span><\/li>\n<li class=\"c12 li-bullet-0\"><span class=\"c10 c14\">M\u1eaft th\u1ea7n<\/span><\/li>\n<\/ul>\n<\/td>\n<\/tr>\n<\/tbody>\n<\/table>\n<\/div>\n<\/div>\n","protected":false},"excerpt":{"rendered":"<p>M\u00d4 T\u1ea2 V\u1eacT LI\u1ec6U C\u1ea8U T\u1ea0O Th\u00e9p m\u1ea1 \u0111i\u1ec7n ch\u1ed1ng han g\u1ec9, th\u00e9p l\u00e0m khung d\u00e0y 1.2mm, th\u00e9p l\u00e0m c\u00e1nh d\u00e0y 0.8mm B\u1ec0 M\u1eb6T S\u01a1n t\u0129nh \u0111i\u1ec7n, ph\u1ee7 phim v\u00e2n g\u1ed7 Chi\u1ec1u d\u00e0y c\u00e1nh c\u1eeda: 60mm K\u00edch th\u01b0\u1edbc khu\u00f4n c\u1eeda: theo y\u00eau c\u1ea7u K\u00edch th\u01b0\u1edbc th\u00f4ng th\u1ee7y: theo y\u00eau c\u1ea7u K\u00edch th\u01b0\u1edbc \u00f4 ch\u1edd: theo &#8230; <a title=\"C\u1eecA TH\u00c9P V\u00c2N G\u1ed6 1 C\u00c1NH G1H4K-1TK\" class=\"read-more\" href=\"https:\/\/galileotn.vn\/?product=cua-thep-van-go-1-canh-g1h4k-1tk-2\" aria-label=\"More on C\u1eecA TH\u00c9P V\u00c2N G\u1ed6 1 C\u00c1NH G1H4K-1TK\">\u0110\u1ecdc ti\u1ebfp<\/a><\/p>\n","protected":false},"featured_media":2608,"comment_status":"closed","ping_status":"closed","template":"","meta":[],"product_brand":[],"product_cat":[55],"product_tag":[],"class_list":{"0":"post-2690","1":"product","2":"type-product","3":"status-publish","4":"has-post-thumbnail","6":"product_cat-cua-thep-van-go-mot-canh","7":"sales-flash-overlay","8":"woocommerce-text-align-center","9":"woocommerce-image-align-center","10":"do-quantity-buttons","12":"first","13":"instock","14":"shipping-taxable","15":"product-type-simple"},"_links":{"self":[{"href":"https:\/\/galileotn.vn\/index.php?rest_route=\/wp\/v2\/product\/2690","targetHints":{"allow":["GET"]}}],"collection":[{"href":"https:\/\/galileotn.vn\/index.php?rest_route=\/wp\/v2\/product"}],"about":[{"href":"https:\/\/galileotn.vn\/index.php?rest_route=\/wp\/v2\/types\/product"}],"replies":[{"embeddable":true,"href":"https:\/\/galileotn.vn\/index.php?rest_route=%2Fwp%2Fv2%2Fcomments&post=2690"}],"wp:featuredmedia":[{"embeddable":true,"href":"https:\/\/galileotn.vn\/index.php?rest_route=\/wp\/v2\/media\/2608"}],"wp:attachment":[{"href":"https:\/\/galileotn.vn\/index.php?rest_route=%2Fwp%2Fv2%2Fmedia&parent=2690"}],"wp:term":[{"taxonomy":"product_brand","embeddable":true,"href":"https:\/\/galileotn.vn\/index.php?rest_route=%2Fwp%2Fv2%2Fproduct_brand&post=2690"},{"taxonomy":"product_cat","embeddable":true,"href":"https:\/\/galileotn.vn\/index.php?rest_route=%2Fwp%2Fv2%2Fproduct_cat&post=2690"},{"taxonomy":"product_tag","embeddable":true,"href":"https:\/\/galileotn.vn\/index.php?rest_route=%2Fwp%2Fv2%2Fproduct_tag&post=2690"}],"curies":[{"name":"wp","href":"https:\/\/api.w.org\/{rel}","templated":true}]}}