{"id":2494,"date":"2023-07-18T08:49:37","date_gmt":"2023-07-18T01:49:37","guid":{"rendered":"https:\/\/galileotn.vn\/?post_type=product&#038;p=2494"},"modified":"2023-07-18T09:17:41","modified_gmt":"2023-07-18T02:17:41","slug":"cua-thep-van-go-2-canh-lech-gg-21pk-1tk","status":"publish","type":"product","link":"https:\/\/galileotn.vn\/?product=cua-thep-van-go-2-canh-lech-gg-21pk-1tk","title":{"rendered":"C\u1eecA TH\u00c9P V\u00c2N G\u1ed6 2 C\u00c1NH L\u1ec6CH GG-21PK-1TK"},"content":{"rendered":"<p style=\"text-align: justify;\">S\u1ea3n ph\u1ea9m C\u1eeda Th\u00e9p v\u00e2n g\u1ed7 2 c\u00e1nh l\u1ec7ch GG-21.04.06 l\u00e0 m\u1eabu c\u1eeda \u0111ang r\u1ea5t \u0111\u01b0\u1ee3c s\u1ef1 quan t\u00e2m c\u1ee7a ng\u01b0\u1eddi d\u00f9ng Vi\u1ec7t. V\u1edbi thi\u1ebft k\u1ebf m\u1edbi l\u1ea1 v\u00e0 m\u00e0u s\u1eafc mang \u0111\u1eadm b\u1ea3n s\u1eafc d\u00e2n t\u1ed9c ch\u00fang mang \u0111\u1ebfn cho kh\u00f4ng gian c\u00f4ng tr\u00ecnh n\u00e9t th\u1ea9m m\u1ef9 \u1ea5n t\u01b0\u1ee3ng m\u00e0 v\u1eabn \u0111\u1ea3m b\u1ea3o an to\u00e0n t\u1ed1i \u0111a.<\/p>\n<p><a href=\"https:\/\/galileotn.vn\/wp-content\/uploads\/2023\/07\/CUA-THEP-VAN-GO-2-CANH-LECH-GG-21PK-1TK.jpg\"><img fetchpriority=\"high\" decoding=\"async\" class=\"aligncenter size-full wp-image-2495\" src=\"https:\/\/galileotn.vn\/wp-content\/uploads\/2023\/07\/CUA-THEP-VAN-GO-2-CANH-LECH-GG-21PK-1TK.jpg\" alt=\"\" width=\"650\" height=\"650\" srcset=\"https:\/\/galileotn.vn\/wp-content\/uploads\/2023\/07\/CUA-THEP-VAN-GO-2-CANH-LECH-GG-21PK-1TK.jpg 650w, https:\/\/galileotn.vn\/wp-content\/uploads\/2023\/07\/CUA-THEP-VAN-GO-2-CANH-LECH-GG-21PK-1TK-300x300.jpg 300w, https:\/\/galileotn.vn\/wp-content\/uploads\/2023\/07\/CUA-THEP-VAN-GO-2-CANH-LECH-GG-21PK-1TK-150x150.jpg 150w, https:\/\/galileotn.vn\/wp-content\/uploads\/2023\/07\/CUA-THEP-VAN-GO-2-CANH-LECH-GG-21PK-1TK-600x600.jpg 600w, https:\/\/galileotn.vn\/wp-content\/uploads\/2023\/07\/CUA-THEP-VAN-GO-2-CANH-LECH-GG-21PK-1TK-100x100.jpg 100w\" sizes=\"(max-width: 650px) 100vw, 650px\" \/><\/a><\/p>\n<h2 style=\"text-align: justify;\">\u0110\u1eb7c t\u00ednh n\u1ed5i b\u1eadt C\u1eeda Th\u00e9p v\u00e2n g\u1ed7 2 c\u00e1nh l\u1ec7ch GG-21.04.06<\/h2>\n<ul>\n<li style=\"text-align: justify;\">Ch\u1ea5t l\u01b0\u1ee3ng \u1ed5n \u0111\u1ecbnh, kh\u00f4ng b\u1ecb m\u1ecdt, cong v\u00eanh, co nh\u00f3t khi th\u1eddi ti\u1ebft thay \u0111\u1ed5i<\/li>\n<li style=\"text-align: justify;\">Th\u1ebf m\u1ea1nh c\u1ee7a m\u1eabu c\u1eeda n\u00e0y l\u00e0 b\u1ec1n, nh\u1eb9 v\u00e0 \u0111\u1eb9p c\u00f9ng<\/li>\n<li style=\"text-align: justify;\">S\u1ea3n ph\u1ea9m ch\u1ed1ng tr\u1ea7y cao, mang \u0111\u1ebfn t\u00ednh th\u1ea9m m\u1ef9 cho s\u1ea3n ph\u1ea9m<\/li>\n<li style=\"text-align: justify;\">C\u00f3 kh\u1ea3 n\u0103ng c\u00e1ch \u00e2m, c\u00e1ch nhi\u1ec7t t\u1ed1t nh\u1edd h\u1ec7 th\u1ed1ng gio\u0103ng cao su v\u00e0 honeycomb.<\/li>\n<li style=\"text-align: justify;\">Nhi\u1ec1u ph\u01b0\u01a1ng \u00e1n v\u1ec1 thi\u1ebft k\u1ebf, m\u1eabu m\u00e3, m\u00e0u s\u1eafc cho ng\u00f4i nh\u00e0 c\u1ee7a m\u00ecnh.<\/li>\n<li style=\"text-align: justify;\">\u0110i\u1ec3m nh\u1ea5n m\u00e0u s\u1eafc v\u00e0 s\u1ef1 li\u1ec1n kh\u1ed1i c\u1ee7a c\u1eeda s\u1ebd gi\u00fap c\u0103n ph\u00f2ng tr\u1edf n\u00ean kh\u00e1c bi\u1ec7t v\u00e0 \u0111\u1eb3ng c\u1ea5p.<\/li>\n<li style=\"text-align: justify;\">Ng\u01b0\u1eddi ti\u00eau d\u00f9ng \u0111\u00e1nh gi\u00e1 v\u1ec1 c\u1eeda th\u00e9p v\u00e2n g\u1ed7 c\u1ee9ng c\u00e1p, ch\u1ed1ng ch\u1ecdi ngo\u1ea1i l\u1ef1c t\u1ed1t<\/li>\n<li style=\"text-align: justify;\">V\u1eadn h\u00e0nh \u00eam \u00e1i, \u0111\u00f3ng m\u1edf nh\u1eb9 nh\u00e0ng, tr\u01a1n tru<\/li>\n<li style=\"text-align: justify;\">Ph\u1ee5 ki\u1ec7n \u0111i k\u00e8m \u0111\u1ea7y \u0111\u1ee7, ch\u00ednh h\u00e3ng<\/li>\n<li style=\"text-align: justify;\">Ti\u1ebft ki\u1ec7m chi ph\u00ed \u0111\u1ea7u t\u01b0 h\u01a1n.<\/li>\n<li style=\"text-align: justify;\">S\u1ea3n ph\u1ea9m \u0111a d\u1ea1ng v\u1edbi nhi\u1ec1u m\u00e3 m\u00e0u kh\u00e1c nhau<\/li>\n<\/ul>\n","protected":false},"excerpt":{"rendered":"<p style=\"text-align: justify;\">C\u1eeda th\u00e9p gi\u1ea3 g\u1ed7 \u0111ang r\u1ea5t \u0111\u01b0\u1ee3c c\u00e1c gia ch\u1ee7 Vi\u1ec7t \u01b0a chu\u1ed9ng v\u1edbi ki\u1ec3u d\u00e1ng \u0111\u1ed9c \u0111\u00e1o, m\u00e0u s\u1eafc l\u1ea1 m\u1eaft. Hoa v\u0103n v\u00e2n g\u1ed7 c\u1ee7a m\u1eabu c\u1eeda th\u00e9p n\u00e0y \u0111\u01b0\u1ee3c ch\u1ebf t\u1ea1o theo ki\u1ec3u v\u00e2n g\u1ed7 t\u1ef1 nhi\u00ean. Nh\u1edd \u0111\u00f3 ch\u00fang mang \u0111\u1ebfn cho ng\u00f4i nh\u00e0 b\u1ea1n th\u00eam ph\u1ea7n sang tr\u1ecdng v\u00e0 \u0111\u1eb3ng c\u1ea5p m\u00e0 v\u1eabn r\u1ea5t g\u1ea7n g\u0169i, \u1ea5m c\u00e1p.<\/p>\n","protected":false},"featured_media":2495,"comment_status":"closed","ping_status":"closed","template":"","meta":[],"product_brand":[],"product_cat":[54],"product_tag":[],"class_list":{"0":"post-2494","1":"product","2":"type-product","3":"status-publish","4":"has-post-thumbnail","6":"product_cat-cua-thep-van-go-hai-canh-lech","7":"sales-flash-overlay","8":"woocommerce-text-align-center","9":"woocommerce-image-align-center","10":"do-quantity-buttons","12":"first","13":"instock","14":"shipping-taxable","15":"product-type-simple"},"_links":{"self":[{"href":"https:\/\/galileotn.vn\/index.php?rest_route=\/wp\/v2\/product\/2494","targetHints":{"allow":["GET"]}}],"collection":[{"href":"https:\/\/galileotn.vn\/index.php?rest_route=\/wp\/v2\/product"}],"about":[{"href":"https:\/\/galileotn.vn\/index.php?rest_route=\/wp\/v2\/types\/product"}],"replies":[{"embeddable":true,"href":"https:\/\/galileotn.vn\/index.php?rest_route=%2Fwp%2Fv2%2Fcomments&post=2494"}],"wp:featuredmedia":[{"embeddable":true,"href":"https:\/\/galileotn.vn\/index.php?rest_route=\/wp\/v2\/media\/2495"}],"wp:attachment":[{"href":"https:\/\/galileotn.vn\/index.php?rest_route=%2Fwp%2Fv2%2Fmedia&parent=2494"}],"wp:term":[{"taxonomy":"product_brand","embeddable":true,"href":"https:\/\/galileotn.vn\/index.php?rest_route=%2Fwp%2Fv2%2Fproduct_brand&post=2494"},{"taxonomy":"product_cat","embeddable":true,"href":"https:\/\/galileotn.vn\/index.php?rest_route=%2Fwp%2Fv2%2Fproduct_cat&post=2494"},{"taxonomy":"product_tag","embeddable":true,"href":"https:\/\/galileotn.vn\/index.php?rest_route=%2Fwp%2Fv2%2Fproduct_tag&post=2494"}],"curies":[{"name":"wp","href":"https:\/\/api.w.org\/{rel}","templated":true}]}}